 2) to base 14.
-2
-114 (base 15) to base 10
-244
Convert 1 (base 13) to base 10.
1
What is -2 (base 13) in base 12?
-2
Convert 11 (base 15) to base 3.
121
Convert -70 (base 14) to base 13.
-77
-54 (base 13) to base 3
-2120
Convert 444 (base 8) to base 7.
565
What is 72 (base 13) in base 4?
1131
7 (base 10) to base 3
21
Convert -110 (base 16) to base 11.
-228
Convert -16 (base 16) to base 13.
-19
0 (base 4) to base 3
0
1011 (base 2) to base 3
102
-2 (base 12) to base 10
-2
What is -2 (base 11) in base 6?
-2
153 (base 6) to base 3
2120
-66 (base 7) to base 2
-110000
What is 39 (base 13) in base 6?
120
13 (base 5) to base 15
8
What is 14 (base 8) in base 15?
c
Convert -2 (base 4) to base 10.
-2
What is 32 (base 7) in base 5?
43
1 (base 13) to base 7
1
-56 (base 15) to base 13
-63
a (base 13) to base 16
a
2 (base 11) to base 10
2
What is -13 (base 15) in base 12?
-16
Convert -2 (base 15) to base 9.
-2
4 (base 13) to base 11
4
16 (base 7) to base 10
13
Convert 8 (base 10) to base 6.
12
Convert -111 (base 2) to base 10.
-7
Convert 3 (base 9) to base 11.
3
-111101 (base 2) to base 12
-51
Convert 0 (base 14) to base 11.
0
What is -1 (base 14) in base 10?
-1
What is 4 (base 16) in base 6?
4
-3 (base 5) to base 16
-3
What is 8 (base 14) in base 15?
8
Convert 0 (base 7) to base 10.
0
Convert 16 (base 14) to base 2.
10100
3 (base 6) to base 9
3
Convert 102 (base 4) to base 13.
15
What is 5 (base 14) in base 2?
101
What is -1111001 (base 2) in base 4?
-1321
0 (base 14) to base 8
0
What is -26 (base 15) in base 11?
-33
What is -12 (base 4) in base 5?
-11
What is 12 (base 6) in base 3?
22
101 (base 2) to base 13
5
-133 (base 12) to base 5
-1213
Convert 41 (base 5) to base 10.
21
Convert 10 (base 5) to base 13.
5
What is 3 (base 13) in base 6?
3
-76 (base 11) to base 3
-10002
What is 65 (base 12) in base 8?
115
What is 11 (base 8) in base 12?
9
144 (base 14) to base 13
169
-13 (base 13) to base 7
-22
Convert -51 (base 8) to base 7.
-56
118 (base 10) to base 3
11101
What is -11 (base 14) in base 11?
-14
Convert 6 (base 8) to base 6.
10
What is 255 (base 7) in base 12?
b6
Convert -3 (base 10) to base 9.
-3
What is 15 (base 9) in base 14?
10
-2 (base 8) to base 7
-2
What is 142 (base 5) in base 10?
47
-3 (base 4) to base 12
-3
501 (base 6) to base 7
346
What is -2 (base 14) in base 15?
-2
Convert -206 (base 8) to base 3.
-11222
Convert 6 (base 10) to base 14.
6
Convert -3 (base 4) to base 3.
-10
What is dd (base 16) in base 12?
165
What is 2 (base 11) in base 8?
2
-20 (base 4) to base 8
-10
Convert -2 (base 10) to base 5.
-2
-2 (base 5) to base 14
-2
Convert 22 (base 3) to base 10.
8
Convert -3 (base 4) to base 10.
-3
Convert -10 (base 2) to base 9.
-2
What is -414 (base 8) in base 13?
-178
What is -1033 (base 4) in base 14?
-59
What is -67 (base 8) in base 15?
-3a
-6 (base 10) to base 3
-20
What is -78 (base 11) in base 9?
-104
Convert -2 (base 4) to base 10.
-2
What is -1 (base 3) in base 4?
-1
Convert -1211 (base 3) to base 14.
-37
Convert d (base 15) to base 4.
31
What is -38 (base 16) in base 4?
-320
What is -3 (base 16) in base 7?
-3
What is -26 (base 15) in base 4?
-210
4 (base 7) to base 10
4
10 (base 2) to base 8
2
What is 1 (base 9) in base 12?
1
What is 2 (base 11) in base 12?
2
0 (base 7) to base 15
0
Convert -242 (base 10) to base 6.
-1042
What is 5 (base 13) in base 16?
5
-32 (base 6) to base 4
-110
23 (base 4) to base 9
12
-b (base 13) to base 9
-12
What is -101000011 (base 2) in base 14?
-191
42 (base 6) to base 9
28
Convert -15c (base 16) to base 4.
-11130
-305 (base 7) to base 8
-230
-3 (base 7) to base 3
-10
Convert 127 (base 13) to base 12.
14a
What is -4 (base 7) in base 12?
-4
22 (base 15) to base 16
20
-63 (base 14) to base 10
-87
-4 (base 10) to base 15
-4
What is -9 (base 16) in base 15?
-9
Convert -37 (base 15) to base 10.
-52
-27 (base 10) to base 9
-30
What is -12001 (base 3) in base 15?
-91
Convert 5 (base 8) to base 2.
101
Convert 8 (base 11) to base 7.
11
-62 (base 8) to base 10
-50
-34 (base 13) to base 8
-53
Convert -1 (base 15) to base 3.
-1
What is 1 (base 9) in base 13?
1
Convert -2 (base 5) to base 4.
-2
What is 3 (base 6) in base 15?
3
What is -22 (base 3) in base 16?
-8
-9 (base 13) to base 16
-9
0 (base 11) to base 13
0
17 (base 16) to base 13
1a
-59 (base 10) to base 8
-73
What is -324 (base 7) in base 12?
-119
Convert 0 (base 7) to base 15.
0
Convert 15 (base 15) to base 8.
24
2 (base 12) to base 4
2
What is 11 (base 8) in base 3?
100
1 (base 5) to base 12
1
Convert -2202 (base 3) to base 14.
-54
-6 (base 10) to base 12
-6
-1112 (base 5) to base 12
-111
22 (base 14) to base 9
33
What is 10 (base 3) in base 13?
3
Convert -1 (base 13) to base 2.
-1
Convert 40 (base 5) to base 4.
110
What is -37 (base 12) in base 4?
-223
-3 (base 14) to base 11
-3
Convert 223 (base 5) to base 9.
70
Convert 246 (base 11) to base 10.
292
What is 141 (base 6) in base 7?
115
-3 (base 13) to base 3
-10
What is -32 (base 8) in base 6?
-42
What is 3 (base 16) in base 4?
3
What is -1 (base 6) in base 16?
-1
-10 (base 5) to base 15
-5
Convert -2 (base 11) to base 5.
-2
14 (base 5) to base 4
21
-1 (base 15) to base 10
-1
-14 (base 6) to base 5
-20
-24 (base 15) to base 6
-54
What is 2201 (base 3) in base 10?
73
3 (base 11) to base 15
3
What is 6 (base 15) in base 9?
6
-3 (base 9) to base 5
-3
Convert -103 (base 13) to base 14.
-c4
What is 46 (base 9) in base 2?
101010
Convert -23b (base 13) to base 11.
-323
-3 (base 10) to base 7
-3
-10 (base 3) to base 2
-11
-11000 (base 2) to base 5
-44
100 (base 3) to base 16
9
10 (base 10) to base 15
a
What is -133 (base 7) in base 4?
-1021
31 (base 4) to base 12
11
0 (base 13) to base 7
0
-11 (base 12) to base 5
-23
What is -131 (base 4) in base 2?
-11101
0 (base 16) to base 13
0
-2 (base 15) to base 5
-2
What is 13 (base 13) in base 15?
11
What is -10 (base 4) in base 8?
-4
What is 55 (base 7) in base 15?
2a
1101 (base 3) to base 7
52
0 (base 16) to base 7
0
-5 (base 16) to base 9
-5
What is 18 (base 15) in base 10?
23
-123 (base 6) to base 2
-110011
What is 1 (base 8) in base 3?
1
Convert b4 (base 12) to base 3.
12001
-37 (base 14) to base 15
-34
41 (base 10) to base 8
51
Convert 3a (base 14) to base 6.
124
What is 0 (base 10) in base 11?
0
Convert -239 (base 12) to base 2.
-101001101
What is 24 (base 6) in base 4?
100
-101110 (base 2) to base 13
-37
What is -1c (base 14) in base 9?
-28
What is 31 (base 15) in base 9?
51
-21 (base 4) to base 7
-12
Convert -15 (base 10) to base 12.
-13
What is 54 (base 8) in base 2?
101100
-60 (base 15) to base 4
-1122
What is 0 (base 11) in base 7?
0
Convert -61 (base 14) to base 4.
-1111
155 (base 14) to base 5
2041
-2 (base 6) to base 13
-2
Convert 25 (base 7) to base 8.
23
110000 (base 2) to base 12
40
Convert 5 (base 15) to base 16.
5
What is -206 (base 9) in base 13?
-cc
Convert 6 (base 16) to base 12.
6
What is -4 (base 10) in base 3?
-11
-17 (base 10) to base 16
-11
Convert -8 (base 13) to base 2.
-1000
What is 3b (base 16) in base 5?
214
Convert 2 (base 4) to base 13.
2
Convert 75 (base 16) to base 8.
165
What is -112 (base 7) in base 4?
-322
Convert 2 (base 14) to base 11.
2
What is 4 (base 15) in base 12?
4
1211 (base 4) to base 6
245
-18 (base 10) to base 5
-33
What is 0 (base 15) in base 8?
0
What is d (base 15) in base 13?
10
What is 3 (base 7) in base 13?
3
What is -15 (base 12) in base 7?
-23
What is -75 (base 9) in base 12?
-58
-72 (base 12) to base 6
-222
What is 6 (base 10) in base 16?
6
Convert -1122 (base 7) to base 3.
-120010
246 (base 10) to base 6
1050
What is -131 (base 5) in base 11?
-38
17 (base 11) to base 6
30
Convert -11 (base 14) to base 15.
-10
-2 (base 11) to base 14
-2
What is 1 (base 10) in base 16?
1
74 (base 9) to base 13
52
What is 2 (base 3) in base 7?
2
Convert -125 (base 9) to base 8.
-150
a7 (base 14) to base 8
223
-13 (base 5) to base 14
-8
What is -1 (base 9) in base 2?
-1
Convert -4 (base 8) to base 3.
-11
13 (base 15) to base 2
10010
What is -13 (base 9) in base 13?
-c
What is 111 (base 2) in base 11?
7
What is 3 (base 11) in base 13?
3
0 (base 11) to base 9
0
What is -112 (base 14) in base 11?
-183
What is 127 (base 15) in base 13?
172
8 (base 13) to base 3
22
6 (base 13) to base 14
6
Convert 1222 (base 3) to base 8.
65
What 